{"id":74,"date":"2021-11-26T08:00:43","date_gmt":"2021-11-26T08:00:43","guid":{"rendered":"https:\/\/wptf.themepul.com\/ecolar\/?page_id=74"},"modified":"2025-02-17T20:05:41","modified_gmt":"2025-02-17T20:05:41","slug":"about-us","status":"publish","type":"page","link":"https:\/\/niamaproject.com\/?page_id=74","title":{"rendered":"\u00c0 PROPOS DU PROJET"},"content":{"rendered":"\t\t<div data-elementor-type=\"wp-page\" data-elementor-id=\"74\" class=\"elementor elementor-74\" data-elementor-post-type=\"page\">\n\t\t\t\t\t\t<section class=\"elementor-section elementor-top-section elementor-element elementor-element-697c936 elementor-section-stretched elementor-section-boxed elementor-section-height-default elementor-section-height-default\" data-id=\"697c936\" data-element_type=\"section\" data-e-type=\"section\" data-settings=\"{&quot;stretch_section&quot;:&quot;section-stretched&quot;}\">\n\t\t\t\t\t\t\t<div class=\"elementor-background-overlay\"><\/div>\n\t\t\t\t\t\t\t<div class=\"elementor-container elementor-column-gap-no\">\n\t\t\t\t\t<div class=\"elementor-column elementor-col-50 elementor-top-column elementor-element elementor-element-a24ea47\" data-id=\"a24ea47\" data-element_type=\"column\" data-e-type=\"column\">\n\t\t\t<div class=\"elementor-widget-wrap elementor-element-populated\">\n\t\t\t\t\t\t<div class=\"elementor-element elementor-element-305ed7f elementor-widget elementor-widget-image\" data-id=\"305ed7f\" data-element_type=\"widget\" data-e-type=\"widget\" data-widget_type=\"image.default\">\n\t\t\t\t<div class=\"elementor-widget-container\">\n\t\t\t\t\t\t\t\t\t\t\t\t\t\t\t<img fetchpriority=\"high\" decoding=\"async\" width=\"2242\" height=\"2242\" src=\"https:\/\/niamaproject.com\/wp-content\/uploads\/2025\/01\/r2.png\" class=\"attachment-full size-full wp-image-3108\" alt=\"\" srcset=\"https:\/\/niamaproject.com\/wp-content\/uploads\/2025\/01\/r2.png 2242w, https:\/\/niamaproject.com\/wp-content\/uploads\/2025\/01\/r2-300x300.png 300w, https:\/\/niamaproject.com\/wp-content\/uploads\/2025\/01\/r2-1024x1024.png 1024w, https:\/\/niamaproject.com\/wp-content\/uploads\/2025\/01\/r2-150x150.png 150w, https:\/\/niamaproject.com\/wp-content\/uploads\/2025\/01\/r2-768x768.png 768w, https:\/\/niamaproject.com\/wp-content\/uploads\/2025\/01\/r2-1536x1536.png 1536w, https:\/\/niamaproject.com\/wp-content\/uploads\/2025\/01\/r2-2048x2048.png 2048w, https:\/\/niamaproject.com\/wp-content\/uploads\/2025\/01\/r2-600x600.png 600w, https:\/\/niamaproject.com\/wp-content\/uploads\/2025\/01\/r2-100x100.png 100w\" sizes=\"(max-width: 2242px) 100vw, 2242px\" \/>\t\t\t\t\t\t\t\t\t\t\t\t\t\t\t<\/div>\n\t\t\t\t<\/div>\n\t\t\t\t\t<\/div>\n\t\t<\/div>\n\t\t\t\t<div class=\"elementor-column elementor-col-50 elementor-top-column elementor-element elementor-element-c98f14b\" data-id=\"c98f14b\" data-element_type=\"column\" data-e-type=\"column\">\n\t\t\t<div class=\"elementor-widget-wrap elementor-element-populated\">\n\t\t\t\t\t\t<div class=\"elementor-element elementor-element-a63a50b elementor-widget elementor-widget-ecolar_about_us\" data-id=\"a63a50b\" data-element_type=\"widget\" data-e-type=\"widget\" data-widget_type=\"ecolar_about_us.default\">\n\t\t\t\t<div class=\"elementor-widget-container\">\n\t\t\t\t\t        <div class=\"about-section-wrapper\">\r\n            <div class=\"about-inner\">\r\n                <div class=\"about-content-area\">\r\n                    <h2 class=\"about-title\"><span>PROJET NIAMA<\/span><\/h2>\r\n                    <div class=\"about-dec\">\r\n                    <p><b>NOUVELLES INITIATIVES POUR UNE ACTION MOBILISATRICE AUTOUR DE L\u2019EAU ET DE LA BIODIVERSIT\u00c9.<\/b><\/p><p>Promouvoir l\u2019adoption de pratiques durables pour la gestion de l\u2019eau et la conservation de la biodiversit\u00e9 aquatique, tout en engageant les communaut\u00e9s locales dans une approche participative de reconstruction \u00e9cologique et de sensibilisation environnementale.<\/p><p>Le projet cible plusieurs groupes cl\u00e9s dans la r\u00e9gion, touchant directement et indirectement des populations diverses<\/p><div class=\"elementor-container elementor-column-gap-extended\"><div class=\"elementor-column elementor-col-33 elementor-top-column elementor-element elementor-element-b56de4a\"><div class=\"elementor-widget-wrap elementor-element-populated\"><div class=\"elementor-element elementor-element-c98006b elementor-widget__width-initial elementor-widget elementor-widget-ecolar_about_us\"><div class=\"elementor-widget-container\"><div class=\"about-section-wrapper\">\u00a0<\/div><\/div><\/div><\/div><\/div><\/div>                    <\/div>\r\n                                    <\/div>    \r\n            <\/div>\r\n        <\/div>\r\n        \t\t\t\t<\/div>\n\t\t\t\t<\/div>\n\t\t\t\t<section class=\"elementor-section elementor-inner-section elementor-element elementor-element-69a2060 elementor-section-boxed elementor-section-height-default elementor-section-height-default\" data-id=\"69a2060\" data-element_type=\"section\" data-e-type=\"section\">\n\t\t\t\t\t\t<div class=\"elementor-container elementor-column-gap-default\">\n\t\t\t\t\t<div class=\"elementor-column elementor-col-33 elementor-inner-column elementor-element elementor-element-c500f21\" data-id=\"c500f21\" data-element_type=\"column\" data-e-type=\"column\">\n\t\t\t<div class=\"elementor-widget-wrap elementor-element-populated\">\n\t\t\t\t\t\t<div class=\"elementor-element elementor-element-d31f54f elementor-widget elementor-widget-ecolar_counter\" data-id=\"d31f54f\" data-element_type=\"widget\" data-e-type=\"widget\" data-widget_type=\"ecolar_counter.default\">\n\t\t\t\t<div class=\"elementor-widget-container\">\n\t\t\t\t\t\r\n        <script>\r\n\t\t\tjQuery(document).ready(function($) {\r\n\t\t\t\t \"use strict\";\r\n\t\t\t\t$(\".timer-515689883\").countTo();\r\n\t\t\t\t$(\".count-process-515689883\").appear(function() {\r\n\t\t\t\t    $(\".timer-515689883\").countTo();\r\n\t\t\t\t}, {\r\n\t\t\t\t    accY: -200\r\n\t\t\t\t});\r\n\t\t\t});\r\n\t\t<\/script>\r\n                <div class=\"ecolar-counter-wrapper\">\r\n            <div class=\"ecolar-counter\">\r\n                <h2 class=\"ecolar-counter-title\"><span>habitants<\/span><\/h2>\r\n                <div class=\"counter-numbers count-process-515689883\">\r\n                    <div class=\"counter-nmber timer-515689883\" data-to=\"2935 \" data-speed=\"5000\">2935 <\/div>\r\n                    <span class=\"counter-nmber\">+<\/span>\r\n                <\/div>\r\n                \r\n            <\/div>\r\n        <\/div>\r\n        \t\t\t\t<\/div>\n\t\t\t\t<\/div>\n\t\t\t\t\t<\/div>\n\t\t<\/div>\n\t\t\t\t<div class=\"elementor-column elementor-col-33 elementor-inner-column elementor-element elementor-element-6149c6e\" data-id=\"6149c6e\" data-element_type=\"column\" data-e-type=\"column\">\n\t\t\t<div class=\"elementor-widget-wrap elementor-element-populated\">\n\t\t\t\t\t\t<div class=\"elementor-element elementor-element-cd1626f elementor-widget elementor-widget-ecolar_counter\" data-id=\"cd1626f\" data-element_type=\"widget\" data-e-type=\"widget\" data-widget_type=\"ecolar_counter.default\">\n\t\t\t\t<div class=\"elementor-widget-container\">\n\t\t\t\t\t\r\n        <script>\r\n\t\t\tjQuery(document).ready(function($) {\r\n\t\t\t\t \"use strict\";\r\n\t\t\t\t$(\".timer-50071545\").countTo();\r\n\t\t\t\t$(\".count-process-50071545\").appear(function() {\r\n\t\t\t\t    $(\".timer-50071545\").countTo();\r\n\t\t\t\t}, {\r\n\t\t\t\t    accY: -200\r\n\t\t\t\t});\r\n\t\t\t});\r\n\t\t<\/script>\r\n                <div class=\"ecolar-counter-wrapper\">\r\n            <div class=\"ecolar-counter\">\r\n                <h2 class=\"ecolar-counter-title\"><span>foyers<\/span><\/h2>\r\n                <div class=\"counter-numbers count-process-50071545\">\r\n                    <div class=\"counter-nmber timer-50071545\" data-to=\"647\" data-speed=\"5000\">647<\/div>\r\n                    <span class=\"counter-nmber\"><\/span>\r\n                <\/div>\r\n                \r\n            <\/div>\r\n        <\/div>\r\n        \t\t\t\t<\/div>\n\t\t\t\t<\/div>\n\t\t\t\t\t<\/div>\n\t\t<\/div>\n\t\t\t\t<div class=\"elementor-column elementor-col-33 elementor-inner-column elementor-element elementor-element-2255771\" data-id=\"2255771\" data-element_type=\"column\" data-e-type=\"column\">\n\t\t\t<div class=\"elementor-widget-wrap elementor-element-populated\">\n\t\t\t\t\t\t<div class=\"elementor-element elementor-element-af6cf68 elementor-widget elementor-widget-ecolar_counter\" data-id=\"af6cf68\" data-element_type=\"widget\" data-e-type=\"widget\" data-widget_type=\"ecolar_counter.default\">\n\t\t\t\t<div class=\"elementor-widget-container\">\n\t\t\t\t\t\r\n        <script>\r\n\t\t\tjQuery(document).ready(function($) {\r\n\t\t\t\t \"use strict\";\r\n\t\t\t\t$(\".timer-298452768\").countTo();\r\n\t\t\t\t$(\".count-process-298452768\").appear(function() {\r\n\t\t\t\t    $(\".timer-298452768\").countTo();\r\n\t\t\t\t}, {\r\n\t\t\t\t    accY: -200\r\n\t\t\t\t});\r\n\t\t\t});\r\n\t\t<\/script>\r\n                <div class=\"ecolar-counter-wrapper\">\r\n            <div class=\"ecolar-counter\">\r\n                <h2 class=\"ecolar-counter-title\"><span>Communes<\/span><\/h2>\r\n                <div class=\"counter-numbers count-process-298452768\">\r\n                    <div class=\"counter-nmber timer-298452768\" data-to=\"5\" data-speed=\"5000\">5<\/div>\r\n                    <span class=\"counter-nmber\"><\/span>\r\n                <\/div>\r\n                \r\n            <\/div>\r\n        <\/div>\r\n        \t\t\t\t<\/div>\n\t\t\t\t<\/div>\n\t\t\t\t\t<\/div>\n\t\t<\/div>\n\t\t\t\t\t<\/div>\n\t\t<\/section>\n\t\t\t\t\t<\/div>\n\t\t<\/div>\n\t\t\t\t\t<\/div>\n\t\t<\/section>\n\t\t\t\t<section class=\"elementor-section elementor-top-section elementor-element elementor-element-da99723 elementor-section-boxed elementor-section-height-default elementor-section-height-default\" data-id=\"da99723\" data-element_type=\"section\" data-e-type=\"section\">\n\t\t\t\t\t\t<div class=\"elementor-container elementor-column-gap-default\">\n\t\t\t\t\t<div class=\"elementor-column elementor-col-100 elementor-top-column elementor-element elementor-element-f1c5ac5\" data-id=\"f1c5ac5\" data-element_type=\"column\" data-e-type=\"column\">\n\t\t\t<div class=\"elementor-widget-wrap elementor-element-populated\">\n\t\t\t\t\t\t<div class=\"elementor-element elementor-element-2557a7a elementor-widget elementor-widget-ecolar_about_us\" data-id=\"2557a7a\" data-element_type=\"widget\" data-e-type=\"widget\" data-widget_type=\"ecolar_about_us.default\">\n\t\t\t\t<div class=\"elementor-widget-container\">\n\t\t\t\t\t        <div class=\"about-section-wrapper\">\r\n            <div class=\"about-inner\">\r\n                <div class=\"about-content-area\">\r\n                    <h2 class=\"about-title\"><\/h2>\r\n                    <div class=\"about-dec\">\r\n                    <p><strong>Le porteur du projet :<\/strong> Le Centre de D\u00e9veloppement de la R\u00e9gion de Tensift CDRT.<\/p><p><strong>Coordinatrice du projet:<\/strong> Pr. Bouchra LEBZAR<\/p><p><strong>Membres du consortium:<\/strong> CDRT, Laboratoire L-QUALIMAT-DS, Mus\u00e9um d'Histoire Naturelle de Marrakech, l\u2019AMDP, L\u2019AESVT- El Haouz.<\/p><p><strong>P\u00e9riode d\u2019ex\u00e9cution :<\/strong> Novembre 2024-Octobre 2025.<\/p><p><strong>Les villages concern\u00e9s :<\/strong> Village makhfaman, Village Toufassour<\/p><p><strong>Les coop\u00e9ratives concern\u00e9es : <\/strong>Coop\u00e9rative Atakadom, Coop\u00e9rative Bounaga, Coop\u00e9rative Amalay.<\/p><p><strong>Les \u00e9coles concern\u00e9es :<\/strong><\/p>                    <\/div>\r\n                                    <\/div>    \r\n            <\/div>\r\n        <\/div>\r\n        \t\t\t\t<\/div>\n\t\t\t\t<\/div>\n\t\t\t\t\t<\/div>\n\t\t<\/div>\n\t\t\t\t\t<\/div>\n\t\t<\/section>\n\t\t\t\t<\/div>\n\t\t","protected":false},"excerpt":{"rendered":"<p>PROJET NIAMA NOUVELLES INITIATIVES POUR UNE ACTION MOBILISATRICE AUTOUR DE L\u2019EAU ET DE LA BIODIVERSIT\u00c9. Promouvoir l\u2019adoption de pratiques durables pour la gestion de l\u2019eau et la conservation de la biodiversit\u00e9 aquatique, tout en engageant les communaut\u00e9s locales dans une approche participative de reconstruction \u00e9cologique et de sensibilisation environnementale. Le projet cible plusieurs groupes cl\u00e9s [&hellip;]<\/p>\n","protected":false},"author":1,"featured_media":0,"parent":0,"menu_order":0,"comment_status":"closed","ping_status":"closed","template":"blank-template.php","meta":{"give_campaign_id":0,"footnotes":""},"class_list":["post-74","page","type-page","status-publish","hentry"],"campaignId":"","_links":{"self":[{"href":"https:\/\/niamaproject.com\/index.php?rest_route=\/wp\/v2\/pages\/74","targetHints":{"allow":["GET"]}}],"collection":[{"href":"https:\/\/niamaproject.com\/index.php?rest_route=\/wp\/v2\/pages"}],"about":[{"href":"https:\/\/niamaproject.com\/index.php?rest_route=\/wp\/v2\/types\/page"}],"author":[{"embeddable":true,"href":"https:\/\/niamaproject.com\/index.php?rest_route=\/wp\/v2\/users\/1"}],"replies":[{"embeddable":true,"href":"https:\/\/niamaproject.com\/index.php?rest_route=%2Fwp%2Fv2%2Fcomments&post=74"}],"version-history":[{"count":33,"href":"https:\/\/niamaproject.com\/index.php?rest_route=\/wp\/v2\/pages\/74\/revisions"}],"predecessor-version":[{"id":3594,"href":"https:\/\/niamaproject.com\/index.php?rest_route=\/wp\/v2\/pages\/74\/revisions\/3594"}],"wp:attachment":[{"href":"https:\/\/niamaproject.com\/index.php?rest_route=%2Fwp%2Fv2%2Fmedia&parent=74"}],"curies":[{"name":"wp","href":"https:\/\/api.w.org\/{rel}","templated":true}]}}